{"id":416,"date":"2020-10-15T13:32:37","date_gmt":"2020-10-15T11:32:37","guid":{"rendered":"http:\/\/vmkrgwrep.cyon.link\/nachhaltigkeit\/reuse-reduce-recycle\/"},"modified":"2021-03-29T12:29:59","modified_gmt":"2021-03-29T10:29:59","slug":"reuse-reduce-recycle","status":"publish","type":"page","link":"https:\/\/www.bachmann.ch\/fr\/nachhaltigkeit\/reuse-reduce-recycle\/","title":{"rendered":"Reuse \u2013 Reduce \u2013 Recycle"},"content":{"rendered":"<div id=\"pl-416\"  class=\"panel-layout\" ><div id=\"pg-416-0\"  class=\"panel-grid panel-has-style\" ><div data-iw-animation-delay=\"\" data-iw-animation-position=\"\" class=\"panel-row-style panel-row-style-for-416-0\" ><div id=\"pgc-416-0-0\"  class=\"panel-grid-cell\" ><div id=\"panel-416-0-0-0\" class=\"so-panel widget widget_sow-editor panel-first-child panel-last-child\" data-index=\"0\" ><div data-iw-animation-delay=\"\" data-iw-animation-position=\"\" class=\"panel-widget-style panel-widget-style-for-416-0-0-0\" ><div\n\t\t\t\n\t\t\tclass=\"so-widget-sow-editor so-widget-sow-editor-base\"\n\t\t\t\n\t\t>\n<div class=\"siteorigin-widget-tinymce textwidget\">\n\t<p>Le plastique est un excellent mat\u00e9riau et donc bien trop pr\u00e9cieux pour \u00eatre utilis\u00e9 une seule fois avant d'\u00eatre jet\u00e9. L'utilisation multiple est donc toujours la priorit\u00e9. Les palettes r\u00e9utilisables sont de plus en plus utilis\u00e9es pour le transport interne.<br \/>\nLes entreprises horticoles professionnelles, en particulier, utilisent nos plateaux de transport plusieurs fois avant que les plateaux PS ne soient recycl\u00e9s.<\/p>\n<p>Si l'utilisation multiple n'est pas possible, nous travaillons selon les principes suivants:<\/p>\n<p><strong>R\u00e9duction de la mati\u00e8re premi\u00e8re<\/strong><br \/>\nL'emballage optimal est d\u00e9velopp\u00e9 en r\u00e9duisant l'\u00e9paisseur des mat\u00e9riaux et en optimisant la conception.<\/p>\n<p><strong>Augmentation de la proportion de mat\u00e9riaux recycl\u00e9s<\/strong><br \/>\nChaque Suisse produit en moyenne 710 kg de d\u00e9chets par an. Sur ce total, 346 kg sont recycl\u00e9s. En fonction de l'application, nous produisons nos pi\u00e8ces thermoform\u00e9es avec des films dont le contenu recycl\u00e9 peut atteindre 100 %.<\/p>\n<\/div>\n<\/div><\/div><\/div><\/div><\/div><\/div><\/div>","protected":false},"excerpt":{"rendered":"<p>Le plastique est un excellent mat\u00e9riau et donc bien trop pr\u00e9cieux pour \u00eatre utilis\u00e9 une seule fois avant d&rsquo;\u00eatre jet\u00e9. L&rsquo;utilisation multiple est donc toujours la priorit\u00e9. Les palettes r\u00e9utilisables sont de plus en plus utilis\u00e9es pour le transport interne. Les entreprises horticoles professionnelles, en particulier, utilisent nos plateaux de transport plusieurs fois avant que [&hellip;]<\/p>\n","protected":false},"author":1,"featured_media":254,"parent":3211,"menu_order":40,"comment_status":"closed","ping_status":"closed","template":"page-gruppe.php","meta":{"footnotes":""},"class_list":["post-416","page","type-page","status-publish","has-post-thumbnail","hentry"],"yoast_head":"<!-- This site is optimized with the Yoast SEO plugin v25.9 - https:\/\/yoast.com\/wordpress\/plugins\/seo\/ -->\n<title>Reuse \u2013 Reduce \u2013 Recycle - BACHMANN GROUP<\/title>\n<meta name=\"robots\" content=\"index, follow, max-snippet:-1, max-image-preview:large, max-video-preview:-1\" \/>\n<link rel=\"canonical\" href=\"https:\/\/www.bachmann.ch\/nachhaltigkeit\/reuse-reduce-recycle\/\" \/>\n<meta property=\"og:locale\" content=\"fr_FR\" \/>\n<meta property=\"og:type\" content=\"article\" \/>\n<meta property=\"og:title\" content=\"Reuse \u2013 Reduce \u2013 Recycle - BACHMANN GROUP\" \/>\n<meta property=\"og:description\" content=\"Le plastique est un excellent mat\u00e9riau et donc bien trop pr\u00e9cieux pour \u00eatre utilis\u00e9 une seule fois avant d&#039;\u00eatre jet\u00e9. L&#039;utilisation multiple est donc toujours la priorit\u00e9. Les palettes r\u00e9utilisables sont de plus en plus utilis\u00e9es pour le transport interne. Les entreprises horticoles professionnelles, en particulier, utilisent nos plateaux de transport plusieurs fois avant que [&hellip;]\" \/>\n<meta property=\"og:url\" content=\"https:\/\/www.bachmann.ch\/nachhaltigkeit\/reuse-reduce-recycle\/\" \/>\n<meta property=\"og:site_name\" content=\"BACHMANN GROUP\" \/>\n<meta property=\"article:modified_time\" content=\"2021-03-29T10:29:59+00:00\" \/>\n<meta property=\"og:image\" content=\"https:\/\/www.bachmann.ch\/wp-content\/uploads\/Nachhaltigkeit_Reuse-Reduce-Recycle-e1621933913750.jpg\" \/>\n\t<meta property=\"og:image:width\" content=\"800\" \/>\n\t<meta property=\"og:image:height\" content=\"683\" \/>\n\t<meta property=\"og:image:type\" content=\"image\/jpeg\" \/>\n<meta name=\"twitter:card\" content=\"summary_large_image\" \/>\n<meta name=\"twitter:label1\" content=\"Dur\u00e9e de lecture estim\u00e9e\" \/>\n\t<meta name=\"twitter:data1\" content=\"1 minute\" \/>\n<script type=\"application\/ld+json\" class=\"yoast-schema-graph\">{\"@context\":\"https:\/\/schema.org\",\"@graph\":[{\"@type\":\"WebPage\",\"@id\":\"https:\/\/www.bachmann.ch\/nachhaltigkeit\/reuse-reduce-recycle\/\",\"url\":\"https:\/\/www.bachmann.ch\/nachhaltigkeit\/reuse-reduce-recycle\/\",\"name\":\"Reuse \u2013 Reduce \u2013 Recycle - BACHMANN GROUP\",\"isPartOf\":{\"@id\":\"https:\/\/www.bachmann.ch\/en\/#website\"},\"primaryImageOfPage\":{\"@id\":\"https:\/\/www.bachmann.ch\/nachhaltigkeit\/reuse-reduce-recycle\/#primaryimage\"},\"image\":{\"@id\":\"https:\/\/www.bachmann.ch\/nachhaltigkeit\/reuse-reduce-recycle\/#primaryimage\"},\"thumbnailUrl\":\"https:\/\/www.bachmann.ch\/wp-content\/uploads\/Nachhaltigkeit_Reuse-Reduce-Recycle-e1621933913750.jpg\",\"datePublished\":\"2020-10-15T11:32:37+00:00\",\"dateModified\":\"2021-03-29T10:29:59+00:00\",\"breadcrumb\":{\"@id\":\"https:\/\/www.bachmann.ch\/nachhaltigkeit\/reuse-reduce-recycle\/#breadcrumb\"},\"inLanguage\":\"fr-FR\",\"potentialAction\":[{\"@type\":\"ReadAction\",\"target\":[\"https:\/\/www.bachmann.ch\/nachhaltigkeit\/reuse-reduce-recycle\/\"]}]},{\"@type\":\"ImageObject\",\"inLanguage\":\"fr-FR\",\"@id\":\"https:\/\/www.bachmann.ch\/nachhaltigkeit\/reuse-reduce-recycle\/#primaryimage\",\"url\":\"https:\/\/www.bachmann.ch\/wp-content\/uploads\/Nachhaltigkeit_Reuse-Reduce-Recycle-e1621933913750.jpg\",\"contentUrl\":\"https:\/\/www.bachmann.ch\/wp-content\/uploads\/Nachhaltigkeit_Reuse-Reduce-Recycle-e1621933913750.jpg\",\"width\":800,\"height\":683,\"caption\":\"Reuse Reduce Recycle\"},{\"@type\":\"BreadcrumbList\",\"@id\":\"https:\/\/www.bachmann.ch\/nachhaltigkeit\/reuse-reduce-recycle\/#breadcrumb\",\"itemListElement\":[{\"@type\":\"ListItem\",\"position\":1,\"name\":\"Home\",\"item\":\"https:\/\/www.bachmann.ch\/fr\/\"},{\"@type\":\"ListItem\",\"position\":2,\"name\":\"Durabilit\u00e9\",\"item\":\"https:\/\/www.bachmann.ch\/nachhaltigkeit\/\"},{\"@type\":\"ListItem\",\"position\":3,\"name\":\"Reuse \u2013 Reduce \u2013 Recycle\"}]},{\"@type\":\"WebSite\",\"@id\":\"https:\/\/www.bachmann.ch\/en\/#website\",\"url\":\"https:\/\/www.bachmann.ch\/en\/\",\"name\":\"BACHMANN GROUP\",\"description\":\"\",\"potentialAction\":[{\"@type\":\"SearchAction\",\"target\":{\"@type\":\"EntryPoint\",\"urlTemplate\":\"https:\/\/www.bachmann.ch\/en\/?s={search_term_string}\"},\"query-input\":{\"@type\":\"PropertyValueSpecification\",\"valueRequired\":true,\"valueName\":\"search_term_string\"}}],\"inLanguage\":\"fr-FR\"}]}<\/script>\n<!-- \/ Yoast SEO plugin. -->","yoast_head_json":{"title":"Reuse \u2013 Reduce \u2013 Recycle - BACHMANN GROUP","robots":{"index":"index","follow":"follow","max-snippet":"max-snippet:-1","max-image-preview":"max-image-preview:large","max-video-preview":"max-video-preview:-1"},"canonical":"https:\/\/www.bachmann.ch\/nachhaltigkeit\/reuse-reduce-recycle\/","og_locale":"fr_FR","og_type":"article","og_title":"Reuse \u2013 Reduce \u2013 Recycle - BACHMANN GROUP","og_description":"Le plastique est un excellent mat\u00e9riau et donc bien trop pr\u00e9cieux pour \u00eatre utilis\u00e9 une seule fois avant d'\u00eatre jet\u00e9. L'utilisation multiple est donc toujours la priorit\u00e9. Les palettes r\u00e9utilisables sont de plus en plus utilis\u00e9es pour le transport interne. Les entreprises horticoles professionnelles, en particulier, utilisent nos plateaux de transport plusieurs fois avant que [&hellip;]","og_url":"https:\/\/www.bachmann.ch\/nachhaltigkeit\/reuse-reduce-recycle\/","og_site_name":"BACHMANN GROUP","article_modified_time":"2021-03-29T10:29:59+00:00","og_image":[{"width":800,"height":683,"url":"https:\/\/www.bachmann.ch\/wp-content\/uploads\/Nachhaltigkeit_Reuse-Reduce-Recycle-e1621933913750.jpg","type":"image\/jpeg"}],"twitter_card":"summary_large_image","twitter_misc":{"Dur\u00e9e de lecture estim\u00e9e":"1 minute"},"schema":{"@context":"https:\/\/schema.org","@graph":[{"@type":"WebPage","@id":"https:\/\/www.bachmann.ch\/nachhaltigkeit\/reuse-reduce-recycle\/","url":"https:\/\/www.bachmann.ch\/nachhaltigkeit\/reuse-reduce-recycle\/","name":"Reuse \u2013 Reduce \u2013 Recycle - BACHMANN GROUP","isPartOf":{"@id":"https:\/\/www.bachmann.ch\/en\/#website"},"primaryImageOfPage":{"@id":"https:\/\/www.bachmann.ch\/nachhaltigkeit\/reuse-reduce-recycle\/#primaryimage"},"image":{"@id":"https:\/\/www.bachmann.ch\/nachhaltigkeit\/reuse-reduce-recycle\/#primaryimage"},"thumbnailUrl":"https:\/\/www.bachmann.ch\/wp-content\/uploads\/Nachhaltigkeit_Reuse-Reduce-Recycle-e1621933913750.jpg","datePublished":"2020-10-15T11:32:37+00:00","dateModified":"2021-03-29T10:29:59+00:00","breadcrumb":{"@id":"https:\/\/www.bachmann.ch\/nachhaltigkeit\/reuse-reduce-recycle\/#breadcrumb"},"inLanguage":"fr-FR","potentialAction":[{"@type":"ReadAction","target":["https:\/\/www.bachmann.ch\/nachhaltigkeit\/reuse-reduce-recycle\/"]}]},{"@type":"ImageObject","inLanguage":"fr-FR","@id":"https:\/\/www.bachmann.ch\/nachhaltigkeit\/reuse-reduce-recycle\/#primaryimage","url":"https:\/\/www.bachmann.ch\/wp-content\/uploads\/Nachhaltigkeit_Reuse-Reduce-Recycle-e1621933913750.jpg","contentUrl":"https:\/\/www.bachmann.ch\/wp-content\/uploads\/Nachhaltigkeit_Reuse-Reduce-Recycle-e1621933913750.jpg","width":800,"height":683,"caption":"Reuse Reduce Recycle"},{"@type":"BreadcrumbList","@id":"https:\/\/www.bachmann.ch\/nachhaltigkeit\/reuse-reduce-recycle\/#breadcrumb","itemListElement":[{"@type":"ListItem","position":1,"name":"Home","item":"https:\/\/www.bachmann.ch\/fr\/"},{"@type":"ListItem","position":2,"name":"Durabilit\u00e9","item":"https:\/\/www.bachmann.ch\/nachhaltigkeit\/"},{"@type":"ListItem","position":3,"name":"Reuse \u2013 Reduce \u2013 Recycle"}]},{"@type":"WebSite","@id":"https:\/\/www.bachmann.ch\/en\/#website","url":"https:\/\/www.bachmann.ch\/en\/","name":"BACHMANN GROUP","description":"","potentialAction":[{"@type":"SearchAction","target":{"@type":"EntryPoint","urlTemplate":"https:\/\/www.bachmann.ch\/en\/?s={search_term_string}"},"query-input":{"@type":"PropertyValueSpecification","valueRequired":true,"valueName":"search_term_string"}}],"inLanguage":"fr-FR"}]}},"_links":{"self":[{"href":"https:\/\/www.bachmann.ch\/fr\/wp-json\/wp\/v2\/pages\/416","targetHints":{"allow":["GET"]}}],"collection":[{"href":"https:\/\/www.bachmann.ch\/fr\/wp-json\/wp\/v2\/pages"}],"about":[{"href":"https:\/\/www.bachmann.ch\/fr\/wp-json\/wp\/v2\/types\/page"}],"author":[{"embeddable":true,"href":"https:\/\/www.bachmann.ch\/fr\/wp-json\/wp\/v2\/users\/1"}],"replies":[{"embeddable":true,"href":"https:\/\/www.bachmann.ch\/fr\/wp-json\/wp\/v2\/comments?post=416"}],"version-history":[{"count":3,"href":"https:\/\/www.bachmann.ch\/fr\/wp-json\/wp\/v2\/pages\/416\/revisions"}],"predecessor-version":[{"id":615,"href":"https:\/\/www.bachmann.ch\/fr\/wp-json\/wp\/v2\/pages\/416\/revisions\/615"}],"up":[{"embeddable":true,"href":"https:\/\/www.bachmann.ch\/fr\/wp-json\/wp\/v2\/pages\/3211"}],"wp:featuredmedia":[{"embeddable":true,"href":"https:\/\/www.bachmann.ch\/fr\/wp-json\/wp\/v2\/media\/254"}],"wp:attachment":[{"href":"https:\/\/www.bachmann.ch\/fr\/wp-json\/wp\/v2\/media?parent=416"}],"curies":[{"name":"wp","href":"https:\/\/api.w.org\/{rel}","templated":true}]}}

<div id="pl-416"  class="panel-layout" ><div id="pg-416-0"  class="panel-grid panel-has-style" ><div data-iw-animation-delay="" data-iw-animation-position="" class="panel-row-style panel-row-style-for-416-0" ><div id="pgc-416-0-0"  class="panel-grid-cell" ><div id="panel-416-0-0-0" class="so-panel widget widget_sow-editor panel-first-child panel-last-child" data-index="0" ><div data-iw-animation-delay="" data-iw-animation-position="" class="panel-widget-style panel-widget-style-for-416-0-0-0" ><div
			
			class="so-widget-sow-editor so-widget-sow-editor-base"
			
		>
<div class="siteorigin-widget-tinymce textwidget">
	<p>Le plastique est un excellent matériau et donc bien trop précieux pour être utilisé une seule fois avant d'être jeté. L'utilisation multiple est donc toujours la priorité. Les palettes réutilisables sont de plus en plus utilisées pour le transport interne.<br />
Les entreprises horticoles professionnelles, en particulier, utilisent nos plateaux de transport plusieurs fois avant que les plateaux PS ne soient recyclés.</p>
<p>Si l'utilisation multiple n'est pas possible, nous travaillons selon les principes suivants:</p>
<p><strong>Réduction de la matière première</strong><br />
L'emballage optimal est développé en réduisant l'épaisseur des matériaux et en optimisant la conception.</p>
<p><strong>Augmentation de la proportion de matériaux recyclés</strong><br />
Chaque Suisse produit en moyenne 710 kg de déchets par an. Sur ce total, 346 kg sont recyclés. En fonction de l'application, nous produisons nos pièces thermoformées avec des films dont le contenu recyclé peut atteindre 100 %.</p>
</div>
</div></div></div></div></div></div></div>

<p>Le plastique est un excellent matériau et donc bien trop précieux pour être utilisé une seule fois avant d&rsquo;être jeté. L&rsquo;utilisation multiple est donc toujours la priorité. Les palettes réutilisables sont de plus en plus utilisées pour le transport interne. Les entreprises horticoles professionnelles, en particulier, utilisent nos plateaux de transport plusieurs fois avant que [&hellip;]</p>

<!-- This site is optimized with the Yoast SEO plugin v25.9 - https://yoast.com/wordpress/plugins/seo/ -->
<title>Reuse – Reduce – Recycle - BACHMANN GROUP</title>
<meta name="robots" content="index, follow, max-snippet:-1, max-image-preview:large, max-video-preview:-1" />
<link rel="canonical" href="https://www.bachmann.ch/nachhaltigkeit/reuse-reduce-recycle/" />
<meta property="og:locale" content="fr_FR" />
<meta property="og:type" content="article" />
<meta property="og:title" content="Reuse – Reduce – Recycle - BACHMANN GROUP" />
<meta property="og:description" content="Le plastique est un excellent matériau et donc bien trop précieux pour être utilisé une seule fois avant d&#039;être jeté. L&#039;utilisation multiple est donc toujours la priorité. Les palettes réutilisables sont de plus en plus utilisées pour le transport interne. Les entreprises horticoles professionnelles, en particulier, utilisent nos plateaux de transport plusieurs fois avant que [&hellip;]" />
<meta property="og:url" content="https://www.bachmann.ch/nachhaltigkeit/reuse-reduce-recycle/" />
<meta property="og:site_name" content="BACHMANN GROUP" />
<meta property="article:modified_time" content="2021-03-29T10:29:59+00:00" />
<meta property="og:image" content="https://www.bachmann.ch/wp-content/uploads/Nachhaltigkeit_Reuse-Reduce-Recycle-e1621933913750.jpg" />
	<meta property="og:image:width" content="800" />
	<meta property="og:image:height" content="683" />
	<meta property="og:image:type" content="image/jpeg" />
<meta name="twitter:card" content="summary_large_image" />
<meta name="twitter:label1" content="Durée de lecture estimée" />
	<meta name="twitter:data1" content="1 minute" />
<script type="application/ld+json" class="yoast-schema-graph">{"@context":"https://schema.org","@graph":[{"@type":"WebPage","@id":"https://www.bachmann.ch/nachhaltigkeit/reuse-reduce-recycle/","url":"https://www.bachmann.ch/nachhaltigkeit/reuse-reduce-recycle/","name":"Reuse – Reduce – Recycle - BACHMANN GROUP","isPartOf":{"@id":"https://www.bachmann.ch/en/#website"},"primaryImageOfPage":{"@id":"https://www.bachmann.ch/nachhaltigkeit/reuse-reduce-recycle/#primaryimage"},"image":{"@id":"https://www.bachmann.ch/nachhaltigkeit/reuse-reduce-recycle/#primaryimage"},"thumbnailUrl":"https://www.bachmann.ch/wp-content/uploads/Nachhaltigkeit_Reuse-Reduce-Recycle-e1621933913750.jpg","datePublished":"2020-10-15T11:32:37+00:00","dateModified":"2021-03-29T10:29:59+00:00","breadcrumb":{"@id":"https://www.bachmann.ch/nachhaltigkeit/reuse-reduce-recycle/#breadcrumb"},"inLanguage":"fr-FR","potentialAction":[{"@type":"ReadAction","target":["https://www.bachmann.ch/nachhaltigkeit/reuse-reduce-recycle/"]}]},{"@type":"ImageObject","inLanguage":"fr-FR","@id":"https://www.bachmann.ch/nachhaltigkeit/reuse-reduce-recycle/#primaryimage","url":"https://www.bachmann.ch/wp-content/uploads/Nachhaltigkeit_Reuse-Reduce-Recycle-e1621933913750.jpg","contentUrl":"https://www.bachmann.ch/wp-content/uploads/Nachhaltigkeit_Reuse-Reduce-Recycle-e1621933913750.jpg","width":800,"height":683,"caption":"Reuse Reduce Recycle"},{"@type":"BreadcrumbList","@id":"https://www.bachmann.ch/nachhaltigkeit/reuse-reduce-recycle/#breadcrumb","itemListElement":[{"@type":"ListItem","position":1,"name":"Home","item":"https://www.bachmann.ch/fr/"},{"@type":"ListItem","position":2,"name":"Durabilité","item":"https://www.bachmann.ch/nachhaltigkeit/"},{"@type":"ListItem","position":3,"name":"Reuse – Reduce – Recycle"}]},{"@type":"WebSite","@id":"https://www.bachmann.ch/en/#website","url":"https://www.bachmann.ch/en/","name":"BACHMANN GROUP","description":"","potentialAction":[{"@type":"SearchAction","target":{"@type":"EntryPoint","urlTemplate":"https://www.bachmann.ch/en/?s={search_term_string}"},"query-input":{"@type":"PropertyValueSpecification","valueRequired":true,"valueName":"search_term_string"}}],"inLanguage":"fr-FR"}]}</script>
<!-- / Yoast SEO plugin. -->

Le plastique est un excellent matériau et donc bien trop précieux pour être utilisé une seule fois avant d'être jeté. L'utilisation multiple est donc toujours la priorité. Les palettes réutilisables sont de plus en plus utilisées pour le transport interne. Les entreprises horticoles professionnelles, en particulier, utilisent nos plateaux de transport plusieurs fois avant que [&hellip;]

Durabilité
