{"id":413,"date":"2020-10-15T13:33:10","date_gmt":"2020-10-15T11:33:10","guid":{"rendered":"http:\/\/vmkrgwrep.cyon.link\/nachhaltigkeit\/nachwachsende-abbaubare-kunststoffe\/"},"modified":"2021-03-29T12:30:24","modified_gmt":"2021-03-29T10:30:24","slug":"plastiques-renouvelables-degradables","status":"publish","type":"page","link":"https:\/\/www.bachmann.ch\/fr\/nachhaltigkeit\/plastiques-renouvelables-degradables\/","title":{"rendered":"Plastiques renouvelables\/d\u00e9gradables"},"content":{"rendered":"<div id=\"pl-413\"  class=\"panel-layout\" ><div id=\"pg-413-0\"  class=\"panel-grid panel-has-style\" ><div data-iw-animation-delay=\"\" data-iw-animation-position=\"\" class=\"panel-row-style panel-row-style-for-413-0\" ><div id=\"pgc-413-0-0\"  class=\"panel-grid-cell\" ><div id=\"panel-413-0-0-0\" class=\"so-panel widget widget_sow-image panel-first-child panel-last-child\" data-index=\"0\" ><div data-iw-animation-delay=\"\" data-iw-animation-position=\"\" class=\"panel-widget-style panel-widget-style-for-413-0-0-0\" ><div\n\t\t\t\n\t\t\tclass=\"so-widget-sow-image so-widget-sow-image-default-8b5b6f678277-413\"\n\t\t\t\n\t\t>\n<div class=\"sow-image-container\">\n\t\t<img \n\tsrc=\"https:\/\/www.bachmann.ch\/wp-content\/uploads\/Nachhaltigkeit_Nachwachsende-abbaubare-Kunststoffe.png\" width=\"600\" height=\"600\" srcset=\"https:\/\/www.bachmann.ch\/wp-content\/uploads\/Nachhaltigkeit_Nachwachsende-abbaubare-Kunststoffe.png 600w, https:\/\/www.bachmann.ch\/wp-content\/uploads\/Nachhaltigkeit_Nachwachsende-abbaubare-Kunststoffe-300x300.png 300w, https:\/\/www.bachmann.ch\/wp-content\/uploads\/Nachhaltigkeit_Nachwachsende-abbaubare-Kunststoffe-150x150.png 150w\" sizes=\"(max-width: 600px) 100vw, 600px\" title=\"Nachhaltigkeit_Nachwachsende-abbaubare Kunststoffe\" alt=\"\" \t\tclass=\"so-widget-image\"\/>\n\t<\/div>\n\n<\/div><\/div><\/div><\/div><div id=\"pgc-413-0-1\"  class=\"panel-grid-cell\" ><div id=\"panel-413-0-1-0\" class=\"so-panel widget widget_sow-editor panel-first-child panel-last-child\" data-index=\"1\" ><div data-iw-animation-delay=\"\" data-iw-animation-position=\"\" class=\"panel-widget-style panel-widget-style-for-413-0-1-0\" ><div\n\t\t\t\n\t\t\tclass=\"so-widget-sow-editor so-widget-sow-editor-base\"\n\t\t\t\n\t\t>\n<div class=\"siteorigin-widget-tinymce textwidget\">\n\t<p>Les biofilms d\u00e9gradables utilis\u00e9s aujourd'hui se composent principalement de fibres naturelles, de sucre et d'amidon d'origine v\u00e9g\u00e9tale et ne sont donc pas exempts de controverse. Le fait que ces emballages ne soient normalement pas autoris\u00e9s \u00e0 \u00eatre compost\u00e9s va \u00e9galement \u00e0 l'encontre de l'utilisation g\u00e9n\u00e9ralis\u00e9e de ces bioplastiques. D'autre part, nous constatons une utilisation judicieuse des films dans le secteur horticole, dans le but de composter l'emballage avec la plante\/racine apr\u00e8s utilisation.<\/p>\n<p>Des d\u00e9veloppements plus r\u00e9cents, les bio-polym\u00e8res non d\u00e9gradables mais renouvelables comme le Bio-PP ou le Bio-PE, pr\u00e9servent n\u00e9anmoins les ressources fossiles et r\u00e9duisent l'empreinte carbone.<\/p>\n<\/div>\n<\/div><\/div><\/div><\/div><\/div><\/div><\/div>","protected":false},"excerpt":{"rendered":"<p>Les biofilms d\u00e9gradables utilis\u00e9s aujourd&rsquo;hui se composent principalement de fibres naturelles, de sucre et d&rsquo;amidon d&rsquo;origine v\u00e9g\u00e9tale et ne sont donc pas exempts de controverse. Le fait que ces emballages ne soient normalement pas autoris\u00e9s \u00e0 \u00eatre compost\u00e9s va \u00e9galement \u00e0 l&rsquo;encontre de l&rsquo;utilisation g\u00e9n\u00e9ralis\u00e9e de ces bioplastiques. D&rsquo;autre part, nous constatons une utilisation judicieuse [&hellip;]<\/p>\n","protected":false},"author":1,"featured_media":0,"parent":3211,"menu_order":50,"comment_status":"closed","ping_status":"closed","template":"page-gruppe.php","meta":{"footnotes":""},"class_list":["post-413","page","type-page","status-publish","hentry"],"yoast_head":"<!-- This site is optimized with the Yoast SEO plugin v25.9 - https:\/\/yoast.com\/wordpress\/plugins\/seo\/ -->\n<title>Plastiques renouvelables\/d\u00e9gradables - BACHMANN GROUP<\/title>\n<meta name=\"robots\" content=\"index, follow, max-snippet:-1, max-image-preview:large, max-video-preview:-1\" \/>\n<link rel=\"canonical\" href=\"https:\/\/www.bachmann.ch\/nachhaltigkeit\/nachwachsende-abbaubare-kunststoffe\/\" \/>\n<meta property=\"og:locale\" content=\"fr_FR\" \/>\n<meta property=\"og:type\" content=\"article\" \/>\n<meta property=\"og:title\" content=\"Plastiques renouvelables\/d\u00e9gradables - BACHMANN GROUP\" \/>\n<meta property=\"og:description\" content=\"Les biofilms d\u00e9gradables utilis\u00e9s aujourd&#039;hui se composent principalement de fibres naturelles, de sucre et d&#039;amidon d&#039;origine v\u00e9g\u00e9tale et ne sont donc pas exempts de controverse. Le fait que ces emballages ne soient normalement pas autoris\u00e9s \u00e0 \u00eatre compost\u00e9s va \u00e9galement \u00e0 l&#039;encontre de l&#039;utilisation g\u00e9n\u00e9ralis\u00e9e de ces bioplastiques. D&#039;autre part, nous constatons une utilisation judicieuse [&hellip;]\" \/>\n<meta property=\"og:url\" content=\"https:\/\/www.bachmann.ch\/nachhaltigkeit\/nachwachsende-abbaubare-kunststoffe\/\" \/>\n<meta property=\"og:site_name\" content=\"BACHMANN GROUP\" \/>\n<meta property=\"article:modified_time\" content=\"2021-03-29T10:30:24+00:00\" \/>\n<meta name=\"twitter:card\" content=\"summary_large_image\" \/>\n<meta name=\"twitter:label1\" content=\"Dur\u00e9e de lecture estim\u00e9e\" \/>\n\t<meta name=\"twitter:data1\" content=\"1 minute\" \/>\n<script type=\"application\/ld+json\" class=\"yoast-schema-graph\">{\"@context\":\"https:\/\/schema.org\",\"@graph\":[{\"@type\":\"WebPage\",\"@id\":\"https:\/\/www.bachmann.ch\/nachhaltigkeit\/nachwachsende-abbaubare-kunststoffe\/\",\"url\":\"https:\/\/www.bachmann.ch\/nachhaltigkeit\/nachwachsende-abbaubare-kunststoffe\/\",\"name\":\"Plastiques renouvelables\/d\u00e9gradables - BACHMANN GROUP\",\"isPartOf\":{\"@id\":\"https:\/\/www.bachmann.ch\/en\/#website\"},\"datePublished\":\"2020-10-15T11:33:10+00:00\",\"dateModified\":\"2021-03-29T10:30:24+00:00\",\"breadcrumb\":{\"@id\":\"https:\/\/www.bachmann.ch\/nachhaltigkeit\/nachwachsende-abbaubare-kunststoffe\/#breadcrumb\"},\"inLanguage\":\"fr-FR\",\"potentialAction\":[{\"@type\":\"ReadAction\",\"target\":[\"https:\/\/www.bachmann.ch\/nachhaltigkeit\/nachwachsende-abbaubare-kunststoffe\/\"]}]},{\"@type\":\"BreadcrumbList\",\"@id\":\"https:\/\/www.bachmann.ch\/nachhaltigkeit\/nachwachsende-abbaubare-kunststoffe\/#breadcrumb\",\"itemListElement\":[{\"@type\":\"ListItem\",\"position\":1,\"name\":\"Home\",\"item\":\"https:\/\/www.bachmann.ch\/fr\/\"},{\"@type\":\"ListItem\",\"position\":2,\"name\":\"Durabilit\u00e9\",\"item\":\"https:\/\/www.bachmann.ch\/nachhaltigkeit\/\"},{\"@type\":\"ListItem\",\"position\":3,\"name\":\"Plastiques renouvelables\/d\u00e9gradables\"}]},{\"@type\":\"WebSite\",\"@id\":\"https:\/\/www.bachmann.ch\/en\/#website\",\"url\":\"https:\/\/www.bachmann.ch\/en\/\",\"name\":\"BACHMANN GROUP\",\"description\":\"\",\"potentialAction\":[{\"@type\":\"SearchAction\",\"target\":{\"@type\":\"EntryPoint\",\"urlTemplate\":\"https:\/\/www.bachmann.ch\/en\/?s={search_term_string}\"},\"query-input\":{\"@type\":\"PropertyValueSpecification\",\"valueRequired\":true,\"valueName\":\"search_term_string\"}}],\"inLanguage\":\"fr-FR\"}]}<\/script>\n<!-- \/ Yoast SEO plugin. -->","yoast_head_json":{"title":"Plastiques renouvelables\/d\u00e9gradables - BACHMANN GROUP","robots":{"index":"index","follow":"follow","max-snippet":"max-snippet:-1","max-image-preview":"max-image-preview:large","max-video-preview":"max-video-preview:-1"},"canonical":"https:\/\/www.bachmann.ch\/nachhaltigkeit\/nachwachsende-abbaubare-kunststoffe\/","og_locale":"fr_FR","og_type":"article","og_title":"Plastiques renouvelables\/d\u00e9gradables - BACHMANN GROUP","og_description":"Les biofilms d\u00e9gradables utilis\u00e9s aujourd'hui se composent principalement de fibres naturelles, de sucre et d'amidon d'origine v\u00e9g\u00e9tale et ne sont donc pas exempts de controverse. Le fait que ces emballages ne soient normalement pas autoris\u00e9s \u00e0 \u00eatre compost\u00e9s va \u00e9galement \u00e0 l'encontre de l'utilisation g\u00e9n\u00e9ralis\u00e9e de ces bioplastiques. D'autre part, nous constatons une utilisation judicieuse [&hellip;]","og_url":"https:\/\/www.bachmann.ch\/nachhaltigkeit\/nachwachsende-abbaubare-kunststoffe\/","og_site_name":"BACHMANN GROUP","article_modified_time":"2021-03-29T10:30:24+00:00","twitter_card":"summary_large_image","twitter_misc":{"Dur\u00e9e de lecture estim\u00e9e":"1 minute"},"schema":{"@context":"https:\/\/schema.org","@graph":[{"@type":"WebPage","@id":"https:\/\/www.bachmann.ch\/nachhaltigkeit\/nachwachsende-abbaubare-kunststoffe\/","url":"https:\/\/www.bachmann.ch\/nachhaltigkeit\/nachwachsende-abbaubare-kunststoffe\/","name":"Plastiques renouvelables\/d\u00e9gradables - BACHMANN GROUP","isPartOf":{"@id":"https:\/\/www.bachmann.ch\/en\/#website"},"datePublished":"2020-10-15T11:33:10+00:00","dateModified":"2021-03-29T10:30:24+00:00","breadcrumb":{"@id":"https:\/\/www.bachmann.ch\/nachhaltigkeit\/nachwachsende-abbaubare-kunststoffe\/#breadcrumb"},"inLanguage":"fr-FR","potentialAction":[{"@type":"ReadAction","target":["https:\/\/www.bachmann.ch\/nachhaltigkeit\/nachwachsende-abbaubare-kunststoffe\/"]}]},{"@type":"BreadcrumbList","@id":"https:\/\/www.bachmann.ch\/nachhaltigkeit\/nachwachsende-abbaubare-kunststoffe\/#breadcrumb","itemListElement":[{"@type":"ListItem","position":1,"name":"Home","item":"https:\/\/www.bachmann.ch\/fr\/"},{"@type":"ListItem","position":2,"name":"Durabilit\u00e9","item":"https:\/\/www.bachmann.ch\/nachhaltigkeit\/"},{"@type":"ListItem","position":3,"name":"Plastiques renouvelables\/d\u00e9gradables"}]},{"@type":"WebSite","@id":"https:\/\/www.bachmann.ch\/en\/#website","url":"https:\/\/www.bachmann.ch\/en\/","name":"BACHMANN GROUP","description":"","potentialAction":[{"@type":"SearchAction","target":{"@type":"EntryPoint","urlTemplate":"https:\/\/www.bachmann.ch\/en\/?s={search_term_string}"},"query-input":{"@type":"PropertyValueSpecification","valueRequired":true,"valueName":"search_term_string"}}],"inLanguage":"fr-FR"}]}},"_links":{"self":[{"href":"https:\/\/www.bachmann.ch\/fr\/wp-json\/wp\/v2\/pages\/413","targetHints":{"allow":["GET"]}}],"collection":[{"href":"https:\/\/www.bachmann.ch\/fr\/wp-json\/wp\/v2\/pages"}],"about":[{"href":"https:\/\/www.bachmann.ch\/fr\/wp-json\/wp\/v2\/types\/page"}],"author":[{"embeddable":true,"href":"https:\/\/www.bachmann.ch\/fr\/wp-json\/wp\/v2\/users\/1"}],"replies":[{"embeddable":true,"href":"https:\/\/www.bachmann.ch\/fr\/wp-json\/wp\/v2\/comments?post=413"}],"version-history":[{"count":4,"href":"https:\/\/www.bachmann.ch\/fr\/wp-json\/wp\/v2\/pages\/413\/revisions"}],"predecessor-version":[{"id":618,"href":"https:\/\/www.bachmann.ch\/fr\/wp-json\/wp\/v2\/pages\/413\/revisions\/618"}],"up":[{"embeddable":true,"href":"https:\/\/www.bachmann.ch\/fr\/wp-json\/wp\/v2\/pages\/3211"}],"wp:attachment":[{"href":"https:\/\/www.bachmann.ch\/fr\/wp-json\/wp\/v2\/media?parent=413"}],"curies":[{"name":"wp","href":"https:\/\/api.w.org\/{rel}","templated":true}]}}

Plastiques renouvelables/dégradables

<div id="pl-413"  class="panel-layout" ><div id="pg-413-0"  class="panel-grid panel-has-style" ><div data-iw-animation-delay="" data-iw-animation-position="" class="panel-row-style panel-row-style-for-413-0" ><div id="pgc-413-0-0"  class="panel-grid-cell" ><div id="panel-413-0-0-0" class="so-panel widget widget_sow-image panel-first-child panel-last-child" data-index="0" ><div data-iw-animation-delay="" data-iw-animation-position="" class="panel-widget-style panel-widget-style-for-413-0-0-0" ><div
			
			class="so-widget-sow-image so-widget-sow-image-default-8b5b6f678277-413"
			
		>
<div class="sow-image-container">
		<img 
	src="https://www.bachmann.ch/wp-content/uploads/Nachhaltigkeit_Nachwachsende-abbaubare-Kunststoffe.png" width="600" height="600" srcset="https://www.bachmann.ch/wp-content/uploads/Nachhaltigkeit_Nachwachsende-abbaubare-Kunststoffe.png 600w, https://www.bachmann.ch/wp-content/uploads/Nachhaltigkeit_Nachwachsende-abbaubare-Kunststoffe-300x300.png 300w, https://www.bachmann.ch/wp-content/uploads/Nachhaltigkeit_Nachwachsende-abbaubare-Kunststoffe-150x150.png 150w" sizes="(max-width: 600px) 100vw, 600px" title="Nachhaltigkeit_Nachwachsende-abbaubare Kunststoffe" alt="" 		class="so-widget-image"/>
	</div>

</div></div></div></div><div id="pgc-413-0-1"  class="panel-grid-cell" ><div id="panel-413-0-1-0" class="so-panel widget widget_sow-editor panel-first-child panel-last-child" data-index="1" ><div data-iw-animation-delay="" data-iw-animation-position="" class="panel-widget-style panel-widget-style-for-413-0-1-0" ><div
			
			class="so-widget-sow-editor so-widget-sow-editor-base"
			
		>
<div class="siteorigin-widget-tinymce textwidget">
	<p>Les biofilms dégradables utilisés aujourd'hui se composent principalement de fibres naturelles, de sucre et d'amidon d'origine végétale et ne sont donc pas exempts de controverse. Le fait que ces emballages ne soient normalement pas autorisés à être compostés va également à l'encontre de l'utilisation généralisée de ces bioplastiques. D'autre part, nous constatons une utilisation judicieuse des films dans le secteur horticole, dans le but de composter l'emballage avec la plante/racine après utilisation.</p>
<p>Des développements plus récents, les bio-polymères non dégradables mais renouvelables comme le Bio-PP ou le Bio-PE, préservent néanmoins les ressources fossiles et réduisent l'empreinte carbone.</p>
</div>
</div></div></div></div></div></div></div>

<p>Les biofilms dégradables utilisés aujourd&rsquo;hui se composent principalement de fibres naturelles, de sucre et d&rsquo;amidon d&rsquo;origine végétale et ne sont donc pas exempts de controverse. Le fait que ces emballages ne soient normalement pas autorisés à être compostés va également à l&rsquo;encontre de l&rsquo;utilisation généralisée de ces bioplastiques. D&rsquo;autre part, nous constatons une utilisation judicieuse [&hellip;]</p>

<!-- This site is optimized with the Yoast SEO plugin v25.9 - https://yoast.com/wordpress/plugins/seo/ -->
<title>Plastiques renouvelables/dégradables - BACHMANN GROUP</title>
<meta name="robots" content="index, follow, max-snippet:-1, max-image-preview:large, max-video-preview:-1" />
<link rel="canonical" href="https://www.bachmann.ch/nachhaltigkeit/nachwachsende-abbaubare-kunststoffe/" />
<meta property="og:locale" content="fr_FR" />
<meta property="og:type" content="article" />
<meta property="og:title" content="Plastiques renouvelables/dégradables - BACHMANN GROUP" />
<meta property="og:description" content="Les biofilms dégradables utilisés aujourd&#039;hui se composent principalement de fibres naturelles, de sucre et d&#039;amidon d&#039;origine végétale et ne sont donc pas exempts de controverse. Le fait que ces emballages ne soient normalement pas autorisés à être compostés va également à l&#039;encontre de l&#039;utilisation généralisée de ces bioplastiques. D&#039;autre part, nous constatons une utilisation judicieuse [&hellip;]" />
<meta property="og:url" content="https://www.bachmann.ch/nachhaltigkeit/nachwachsende-abbaubare-kunststoffe/" />
<meta property="og:site_name" content="BACHMANN GROUP" />
<meta property="article:modified_time" content="2021-03-29T10:30:24+00:00" />
<meta name="twitter:card" content="summary_large_image" />
<meta name="twitter:label1" content="Durée de lecture estimée" />
	<meta name="twitter:data1" content="1 minute" />
<script type="application/ld+json" class="yoast-schema-graph">{"@context":"https://schema.org","@graph":[{"@type":"WebPage","@id":"https://www.bachmann.ch/nachhaltigkeit/nachwachsende-abbaubare-kunststoffe/","url":"https://www.bachmann.ch/nachhaltigkeit/nachwachsende-abbaubare-kunststoffe/","name":"Plastiques renouvelables/dégradables - BACHMANN GROUP","isPartOf":{"@id":"https://www.bachmann.ch/en/#website"},"datePublished":"2020-10-15T11:33:10+00:00","dateModified":"2021-03-29T10:30:24+00:00","breadcrumb":{"@id":"https://www.bachmann.ch/nachhaltigkeit/nachwachsende-abbaubare-kunststoffe/#breadcrumb"},"inLanguage":"fr-FR","potentialAction":[{"@type":"ReadAction","target":["https://www.bachmann.ch/nachhaltigkeit/nachwachsende-abbaubare-kunststoffe/"]}]},{"@type":"BreadcrumbList","@id":"https://www.bachmann.ch/nachhaltigkeit/nachwachsende-abbaubare-kunststoffe/#breadcrumb","itemListElement":[{"@type":"ListItem","position":1,"name":"Home","item":"https://www.bachmann.ch/fr/"},{"@type":"ListItem","position":2,"name":"Durabilité","item":"https://www.bachmann.ch/nachhaltigkeit/"},{"@type":"ListItem","position":3,"name":"Plastiques renouvelables/dégradables"}]},{"@type":"WebSite","@id":"https://www.bachmann.ch/en/#website","url":"https://www.bachmann.ch/en/","name":"BACHMANN GROUP","description":"","potentialAction":[{"@type":"SearchAction","target":{"@type":"EntryPoint","urlTemplate":"https://www.bachmann.ch/en/?s={search_term_string}"},"query-input":{"@type":"PropertyValueSpecification","valueRequired":true,"valueName":"search_term_string"}}],"inLanguage":"fr-FR"}]}</script>
<!-- / Yoast SEO plugin. -->

Plastiques renouvelables/dégradables - BACHMANN GROUP

Les biofilms dégradables utilisés aujourd'hui se composent principalement de fibres naturelles, de sucre et d'amidon d'origine végétale et ne sont donc pas exempts de controverse. Le fait que ces emballages ne soient normalement pas autorisés à être compostés va également à l'encontre de l'utilisation généralisée de ces bioplastiques. D'autre part, nous constatons une utilisation judicieuse [&hellip;]

Durabilité
